1121122 + -122221201?
-201120100
In base 15, what is -a61b6 - 11?
-a61c7
In base 9, what is 3151 + 22426?
25577
In base 15, what is 6bb12c + 1?
6bb12d
In base 10, what is -6053 - -1791?
-4262
In base 7, what is 2 + 103263440?
103263442
In base 11, what is 5 + 1a500460?
1a500465
In base 12, what is 4 - 1b0a649?
-1b0a645
In base 11, what is 54 + 419395?
419439
In base 5, what is 243140130 + -120?
243140010
In base 3, what is 10020 + 11120210002?
11120220022
In base 14, what is cb58 + -54?
cb04
In base 7, what is -2 - 1615421001?
-1615421003
In base 13, what is 14bb33 - 445?
14b6bb
In base 13, what is 1 + 137bc6c?
137bc70
In base 5, what is -10 + 133312033331?
133312033321
In base 7, what is 310340 - -1215?
311555
In base 8, what is 64473767 + -4?
64473763
In base 15, what is -9c5 + -535?
-100a
In base 4, what is -3011013 + 12100312?
3023233
In base 2, what is -1101011001000 - 101001011011010?
-110110110100010
In base 2, what is 101001 + -10010000101110?
-10010000000101
In base 2, what is -10 - -110111111000001111001010?
110111111000001111001000
In base 11, what is 5 - -106614a?
1066154
In base 9, what is -26 + -8304432?
-8304458
In base 8, what is -2456521715 - -5?
-2456521710
In base 6, what is -4220403522 + -5?
-4220403531
In base 7, what is -261334404 + 6?
-261334365
In base 3, what is -1011102022002 - 21210?
-1011102120212
In base 13, what is 8416c1 - -a9?
84179a
In base 9, what is 2 - -508310?
508312
In base 16, what is -eb2d + -178?
-eca5
In base 8, what is 5 + 16062465?
16062472
In base 16, what is bf - -1dd1e?
1dddd
In base 10, what is -349769 - -127?
-349642
In base 12, what is -3 - 11726177?
-1172617a
In base 11, what is 0 + -550a84?
-550a84
In base 6, what is 1420114001 + 3?
1420114004
In base 15, what is 11a6 - -98?
124e
In base 10, what is -1311 + 4511?
3200
In base 9, what is -11 - 22057548?
-22057560
In base 6, what is 0 + 352011114?
352011114
In base 13, what is -156133b - 3?
-1561341
In base 4, what is -102320 - -222321112?
222212132
In base 3, what is -212112212 + 1121111200?
201221211
In base 11, what is 5 + -8439431?
-8439427
In base 7, what is -11002365 - -406?
-11001656
In base 11, what is -14a7961 - -27?
-14a7935
In base 7, what is -35601040 - -10?
-35601030
In base 4, what is -1210023 + 1323?
-1202100
In base 2, what is -100 - -110011001010110010100111?
110011001010110010100011
In base 3, what is -222 + -2211101122021012?
-2211101122022011
In base 14, what is 32 - 28cc7?
-28c95
In base 11, what is -1 + -725838a5?
-725838a6
In base 6, what is -14540210 - -1?
-14540205
In base 15, what is -4 + -4ed9ba2?
-4ed9ba6
In base 7, what is -6 + -461001002?
-461001011
In base 10, what is -14877 - 943?
-15820
In base 11, what is 1 - 5356a3a?
-5356a39
In base 4, what is 122123010101 + -3?
122123010032
In base 3, what is -10 + 12022221121012?
12022221121002
In base 15, what is 418a - -6150?
a2da
In base 7, what is -3 + -44051123?
-44051126
In base 16, what is 5187 - 1f5?
4f92
In base 2, what is -1011100011000111101 + -10010000?
-1011100011011001101
In base 2, what is 10001000000010101 - 11011101?
10000111100111000
In base 4, what is -1030013112132 + 10?
-1030013112122
In base 2, what is -100001010 - -100000111101000110?
100000111000111100
In base 6, what is -534155404 + -203?
-534200011
In base 4, what is -11 + 2231321033013?
2231321033002
In base 12, what is 27 + 170b0a?
170b35
In base 12, what is 4b4 + -34170?
-33878
In base 5, what is 14 + 1234044202?
1234044221
In base 16, what is -83 - 6c015?
-6c098
In base 9, what is -1685802 - 33?
-1685835
In base 3, what is 1 - 2010122121210?
-2010122121202
In base 7, what is 4456635 + 0?
4456635
In base 8, what is -11616 + 775?
-10621
In base 11, what is -19 + 7172a4?
717286
In base 9, what is 20246882 - -3?
20246885
In base 7, what is -14552110 + -4?
-14552114
In base 13, what is -4c9b - -1284a?
a87c
In base 10, what is 10186767 + 3?
10186770
In base 12, what is -6a + a00b?
9b61
In base 14, what is 6 + 4c01d47?
4c01d4d
In base 5, what is 1131 + -24231012?
-24224331
In base 13, what is 3 + 10b28aa?
10b28b0
In base 8, what is -5 + -15040635?
-15040642
In base 12, what is 13 + -5b9696?
-5b9683
In base 11, what is 35 + -620720a?
-6207185
In base 5, what is -11 + 2332034242?
2332034231
In base 11, what is 85129 - -131?
8525a
In base 13, what is 2c3b15a6 + 5?
2c3b15ab
In base 10, what is -165 + -34863?
-35028
In base 8, what is 3 - 160001236?
-160001233
In base 7, what is 4416312 - -5?
4416320
In base 10, what is 0 - -59004671?
59004671
In base 6, what is -21502 - 10405524?
-10431430
In base 2, what is -1 - -10010101000100101011111110010?
10010101000100101011111110001
In base 4, what is 10232 - -20213010?
20223302
In base 2, what is 1011100010 + 1000010110001100?
1000100001101110
In base 3, what is -22 - -21211102120110?
21211102120011
In base 10, what is 5 - -543574?
543579
In base 10, what is 2 + 3446343?
3446345
In base 12, what is 12 - -173232?
173244
In base 12, what is 12a20383 + 1?
12a20384
In base 5, what is -131 - -103432221?
103432040
In base 13, what is -994c - 1631?
-b280
In base 15, what is 5ae76 - 2e?
5ae47
In base 5, what is -32 - 2222314203?
-2222314240
In base 12, what is -9819583 - -29?
-9819556
In base 16, what is -3 - -e341f?
e341c
In base 15, what is -39 - -35721?
356d7
In base 5, what is -334024010144 - 10?
-334024010204
In base 8, what is 214127 - 1525?
212402
In base 7, what is -12536255421 - 3?
-12536255424
In base 8, what is -4 + -236112302?
-236112306
In base 10, what is 112 - -162621?
162733
In base 7, what is 5611533 + 112?
5611645
In base 12, what is 3 + 32a64?
32a67
In base 15, what is -4 + -c5e5ecb?
-c5e5ed0
In base 10, what is 153386019 + 4?
153386023
In base 9, what is -5703 + 66227?
60424
In base 3, what is 1222012201101 - 10020?
1222012121011
In base 10, what is -831889 + 6?
-831883
In base 13, what is 6590 + 4c?
660c
In base 4, what is 1203302 + -1023?
1202213
In base 10, what is -4 - 16900482?
-16900486
In base 7, what is 206635 + -122?
206513
In base 4, what is 12301 - -11013330?
11032231
In base 14, what is 2412b + 1c4?
24311
In base 10, what is 536 + 6661?
7197
In base 5, what is 1142341021 + -10?
1142341011
In base 15, what is 2b891 + 11e?
2b9b0
In base 7, what is -4610 + -66?
-5006
In base 12, what is 7ab3a708 - -5?
7ab3a711
In base 11, what is -486a - 108?
-4977
In base 6, what is -525 - -201254515?
201253550
In base 12, what is -5239 - 441?
-567a
In base 8, what is 5074 - 2152?
2722
In base 13, what is -459191c + 1?
-459191b
In base 15, what is -1c - -2d76d7?
2d76ba
In base 13, what is -c4b - -51815?
50897
In base 5, what is 0 - 3032424421?
-3032424421
In base 13, what is -1543 - 1c81?
-34c4
In base 4, what is -100210010120 - 3?
-100210010123
In base 14, what is -4 - -495772a?
4957726
In base 4, what is -2123232 + 10211221?
2021323
In base 4, what is -22300303 - -32032?
-22202211
In base 5, what is 143232 - -20112341?
20311123
In base 10, what is 104024 + 1331?
105355
In base 14, what is -6 - 1962b64d?
-1962b655
In base 6, what is 131231 + -102202?
25025
In base 11, what is -60 - -17068?
17008
In base 14, what is 175a + 27400?
28b5a
In base 11, what is 217a936 + 180?
2180006
In base 11, what is -1845011 - 21?
-1845032
In base 3, what is 221200011100 + -120?
221200010210
In base 13, what is -8821 - -18?
-8806
In base 10, what is 4391895 + -4?
4391891
In base 14, what is 513b3b - 0?
513b3b
In base 7, what is 1 + 3533210314?
3533210315
In base 10, what is -293 + 307116?
306823
In base 7, what is -145643 + 4164?
-141446
In base 3, what is -1110210212102 + -11000?
-1110211000102
In base 14, what is 66 + -149202?
-14917a
In base 3, what is -101011122001200 - 0?
-101011122001200
In base 12, what is -12 - -37a7b?
37a69
In base 7, what is -1561 + -30536?
-32430
In base 16, what is 13be36e - 5?
13be369
In base 14, what is 3206ab + 23?
3206d0
In base 10, what is 4 + 8098813?
8098817
In base 9, what is -553137 - -213?
-552824
In base 5, what is -31324 + -10144?
-42023
In base 3, what is 2210 + -11012012111200?
-11012012101220
In base 4, what is -1102001 - 333?
-1103000
In base 3, what is -20012002020110021 - 2?
-20012002020110100
In base 10, what is -20437 + 76?
-20361
In base 9, what is -2587 - -173360?
170662
In base 6, what is 34 - -551133?
551211
In base 14,